{"id":1530,"date":"2025-08-29T17:26:48","date_gmt":"2025-08-29T15:26:48","guid":{"rendered":"https:\/\/zadishome.com\/?post_type=product&#038;p=1530"},"modified":"2025-09-07T21:55:09","modified_gmt":"2025-09-07T19:55:09","slug":"partition-dargile","status":"publish","type":"product","link":"https:\/\/zadishome.com\/index.php\/product\/partition-dargile\/","title":{"rendered":"Partition d&rsquo;argile"},"content":{"rendered":"<p>Partition d\u2019argile \u2013 Chawan en gr\u00e8s (pi\u00e8ce unique)<\/p>\n<p>Ce chawan est fa\u00e7onn\u00e9 \u00e0 la main en gr\u00e8s chamott\u00e9, dans une recherche d\u2019\u00e9quilibre entre \u00e9paisseur et vibration.<\/p>\n<p>Les bords, volontairement irr\u00e9guliers (\u2248 0,5 mm d\u2019\u00e9paisseur), alternent entre lisse et rugueux, laissant appara\u00eetre la vari\u00e9t\u00e9 de la mati\u00e8re.<\/p>\n<p>L\u2019int\u00e9rieur est parcouru d\u2019un fin trait, comme une \u00e9criture silencieuse sign\u00e9e IaeL, dans la profondeur du bol.<\/p>\n<p>Les superpositions d\u2019engobes et les graffitis \u00e9voquent une encre pos\u00e9e sur l\u2019argile \u2013 une v\u00e9ritable partition, plus \u00e0 lire qu\u2019\u00e0 utiliser.<\/p>\n<p>Le contour ne forme pas un cercle parfait : la forme suit le geste, et non l\u2019inverse.<\/p>\n<p>Gr\u00e8s \/ engobe \/ graffites<\/p>\n<p>Monocuisson 1220\u00b0<\/p>\n<p>Dimensions : H 9 cm \/ \u00d8 env. 13 cm \/ 485 g<\/p>\n<p>\ud83d\udccd Pi\u00e8ce sign\u00e9e \u2013 \u0152uvre originale de l\u2019artiste IaeL.<\/p>\n<p>&#8211;\u00a0 \u00c9mail alimentaire utilis\u00e9 mais objet con\u00e7u pour un usage non-alimentaire<\/p>\n<p>&#8211; Pi\u00e8ce unique avec certificat d&rsquo;authenticit\u00e9.<\/p>\n<p>\u2728 Disponible \u2013 produit similaire possible sur commande me contacter en message priv\u00e9<\/p>\n<p><em>\u201cPartition d\u2019argile\u201d \u2013 une forme \u00e0 \u00e9couter plus qu\u2019\u00e0 utiliser.<\/em><\/p>\n","protected":false},"excerpt":{"rendered":"<p><\/p>\n","protected":false},"featured_media":1584,"comment_status":"open","ping_status":"closed","template":"","meta":{"_acf_changed":false},"product_brand":[],"product_cat":[123,127,121],"product_tag":[],"class_list":{"0":"post-1530","1":"product","2":"type-product","3":"status-publish","4":"has-post-thumbnail","6":"product_cat-art","7":"product_cat-matieres","8":"product_cat-maison","9":"product_shipping_class-colis-moyen","11":"first","12":"instock","13":"sold-individually","14":"taxable","15":"shipping-taxable","16":"purchasable","17":"product-type-simple"},"acf":[],"yoast_head":"<!-- This site is optimized with the Yoast SEO plugin v25.7 - https:\/\/yoast.com\/wordpress\/plugins\/seo\/ -->\n<title>Partition d&#039;argile - ZADISHOME<\/title>\n<meta name=\"robots\" content=\"index, follow, max-snippet:-1, max-image-preview:large, max-video-preview:-1\" \/>\n<link rel=\"canonical\" href=\"https:\/\/zadishome.com\/index.php\/product\/partition-dargile\/\" \/>\n<meta property=\"og:locale\" content=\"fr_FR\" \/>\n<meta property=\"og:type\" content=\"article\" \/>\n<meta property=\"og:title\" content=\"Partition d&#039;argile - ZADISHOME\" \/>\n<meta property=\"og:url\" content=\"https:\/\/zadishome.com\/index.php\/product\/partition-dargile\/\" \/>\n<meta property=\"og:site_name\" content=\"ZADISHOME\" \/>\n<meta property=\"article:modified_time\" content=\"2025-09-07T19:55:09+00:00\" \/>\n<meta property=\"og:image\" content=\"https:\/\/zadishome.com\/wp-content\/uploads\/2025\/09\/Partition-D-Argile-IaeL-1-scaled.jpg\" \/>\n\t<meta property=\"og:image:width\" content=\"2560\" \/>\n\t<meta property=\"og:image:height\" content=\"1920\" \/>\n\t<meta property=\"og:image:type\" content=\"image\/jpeg\" \/>\n<meta name=\"twitter:card\" content=\"summary_large_image\" \/>\n<meta name=\"twitter:label1\" content=\"Dur\u00e9e de lecture estim\u00e9e\" \/>\n\t<meta name=\"twitter:data1\" content=\"1 minute\" \/>\n<script type=\"application\/ld+json\" class=\"yoast-schema-graph\">{\"@context\":\"https:\/\/schema.org\",\"@graph\":[{\"@type\":\"WebPage\",\"@id\":\"https:\/\/zadishome.com\/index.php\/product\/partition-dargile\/\",\"url\":\"https:\/\/zadishome.com\/index.php\/product\/partition-dargile\/\",\"name\":\"Partition d'argile - ZADISHOME\",\"isPartOf\":{\"@id\":\"https:\/\/zadishome.com\/#website\"},\"primaryImageOfPage\":{\"@id\":\"https:\/\/zadishome.com\/index.php\/product\/partition-dargile\/#primaryimage\"},\"image\":{\"@id\":\"https:\/\/zadishome.com\/index.php\/product\/partition-dargile\/#primaryimage\"},\"thumbnailUrl\":\"https:\/\/zadishome.com\/wp-content\/uploads\/2025\/09\/Partition-D-Argile-IaeL-1-scaled.jpg\",\"datePublished\":\"2025-08-29T15:26:48+00:00\",\"dateModified\":\"2025-09-07T19:55:09+00:00\",\"breadcrumb\":{\"@id\":\"https:\/\/zadishome.com\/index.php\/product\/partition-dargile\/#breadcrumb\"},\"inLanguage\":\"fr-FR\",\"potentialAction\":[{\"@type\":\"ReadAction\",\"target\":[\"https:\/\/zadishome.com\/index.php\/product\/partition-dargile\/\"]}]},{\"@type\":\"ImageObject\",\"inLanguage\":\"fr-FR\",\"@id\":\"https:\/\/zadishome.com\/index.php\/product\/partition-dargile\/#primaryimage\",\"url\":\"https:\/\/zadishome.com\/wp-content\/uploads\/2025\/09\/Partition-D-Argile-IaeL-1-scaled.jpg\",\"contentUrl\":\"https:\/\/zadishome.com\/wp-content\/uploads\/2025\/09\/Partition-D-Argile-IaeL-1-scaled.jpg\",\"width\":2560,\"height\":1920},{\"@type\":\"BreadcrumbList\",\"@id\":\"https:\/\/zadishome.com\/index.php\/product\/partition-dargile\/#breadcrumb\",\"itemListElement\":[{\"@type\":\"ListItem\",\"position\":1,\"name\":\"Accueil\",\"item\":\"https:\/\/zadishome.com\/\"},{\"@type\":\"ListItem\",\"position\":2,\"name\":\"Boutique\",\"item\":\"https:\/\/zadishome.com\/index.php\/boutique\/\"},{\"@type\":\"ListItem\",\"position\":3,\"name\":\"Partition d&rsquo;argile\"}]},{\"@type\":\"WebSite\",\"@id\":\"https:\/\/zadishome.com\/#website\",\"url\":\"https:\/\/zadishome.com\/\",\"name\":\"Zadishome\",\"description\":\"Le temple des artisans\",\"publisher\":{\"@id\":\"https:\/\/zadishome.com\/#organization\"},\"potentialAction\":[{\"@type\":\"SearchAction\",\"target\":{\"@type\":\"EntryPoint\",\"urlTemplate\":\"https:\/\/zadishome.com\/?s={search_term_string}\"},\"query-input\":{\"@type\":\"PropertyValueSpecification\",\"valueRequired\":true,\"valueName\":\"search_term_string\"}}],\"inLanguage\":\"fr-FR\"},{\"@type\":\"Organization\",\"@id\":\"https:\/\/zadishome.com\/#organization\",\"name\":\"Zadishome\",\"url\":\"https:\/\/zadishome.com\/\",\"logo\":{\"@type\":\"ImageObject\",\"inLanguage\":\"fr-FR\",\"@id\":\"https:\/\/zadishome.com\/#\/schema\/logo\/image\/\",\"url\":\"https:\/\/zadishome.com\/wp-content\/uploads\/2025\/04\/cropped-logo-zadishome-png.png\",\"contentUrl\":\"https:\/\/zadishome.com\/wp-content\/uploads\/2025\/04\/cropped-logo-zadishome-png.png\",\"width\":512,\"height\":512,\"caption\":\"Zadishome\"},\"image\":{\"@id\":\"https:\/\/zadishome.com\/#\/schema\/logo\/image\/\"},\"sameAs\":[\"https:\/\/www.instagram.com\/zadishome_com\/\"]}]}<\/script>\n<!-- \/ Yoast SEO plugin. -->","yoast_head_json":{"title":"Partition d'argile - ZADISHOME","robots":{"index":"index","follow":"follow","max-snippet":"max-snippet:-1","max-image-preview":"max-image-preview:large","max-video-preview":"max-video-preview:-1"},"canonical":"https:\/\/zadishome.com\/index.php\/product\/partition-dargile\/","og_locale":"fr_FR","og_type":"article","og_title":"Partition d'argile - ZADISHOME","og_url":"https:\/\/zadishome.com\/index.php\/product\/partition-dargile\/","og_site_name":"ZADISHOME","article_modified_time":"2025-09-07T19:55:09+00:00","og_image":[{"width":2560,"height":1920,"url":"https:\/\/zadishome.com\/wp-content\/uploads\/2025\/09\/Partition-D-Argile-IaeL-1-scaled.jpg","type":"image\/jpeg"}],"twitter_card":"summary_large_image","twitter_misc":{"Dur\u00e9e de lecture estim\u00e9e":"1 minute"},"schema":{"@context":"https:\/\/schema.org","@graph":[{"@type":"WebPage","@id":"https:\/\/zadishome.com\/index.php\/product\/partition-dargile\/","url":"https:\/\/zadishome.com\/index.php\/product\/partition-dargile\/","name":"Partition d'argile - ZADISHOME","isPartOf":{"@id":"https:\/\/zadishome.com\/#website"},"primaryImageOfPage":{"@id":"https:\/\/zadishome.com\/index.php\/product\/partition-dargile\/#primaryimage"},"image":{"@id":"https:\/\/zadishome.com\/index.php\/product\/partition-dargile\/#primaryimage"},"thumbnailUrl":"https:\/\/zadishome.com\/wp-content\/uploads\/2025\/09\/Partition-D-Argile-IaeL-1-scaled.jpg","datePublished":"2025-08-29T15:26:48+00:00","dateModified":"2025-09-07T19:55:09+00:00","breadcrumb":{"@id":"https:\/\/zadishome.com\/index.php\/product\/partition-dargile\/#breadcrumb"},"inLanguage":"fr-FR","potentialAction":[{"@type":"ReadAction","target":["https:\/\/zadishome.com\/index.php\/product\/partition-dargile\/"]}]},{"@type":"ImageObject","inLanguage":"fr-FR","@id":"https:\/\/zadishome.com\/index.php\/product\/partition-dargile\/#primaryimage","url":"https:\/\/zadishome.com\/wp-content\/uploads\/2025\/09\/Partition-D-Argile-IaeL-1-scaled.jpg","contentUrl":"https:\/\/zadishome.com\/wp-content\/uploads\/2025\/09\/Partition-D-Argile-IaeL-1-scaled.jpg","width":2560,"height":1920},{"@type":"BreadcrumbList","@id":"https:\/\/zadishome.com\/index.php\/product\/partition-dargile\/#breadcrumb","itemListElement":[{"@type":"ListItem","position":1,"name":"Accueil","item":"https:\/\/zadishome.com\/"},{"@type":"ListItem","position":2,"name":"Boutique","item":"https:\/\/zadishome.com\/index.php\/boutique\/"},{"@type":"ListItem","position":3,"name":"Partition d&rsquo;argile"}]},{"@type":"WebSite","@id":"https:\/\/zadishome.com\/#website","url":"https:\/\/zadishome.com\/","name":"Zadishome","description":"Le temple des artisans","publisher":{"@id":"https:\/\/zadishome.com\/#organization"},"potentialAction":[{"@type":"SearchAction","target":{"@type":"EntryPoint","urlTemplate":"https:\/\/zadishome.com\/?s={search_term_string}"},"query-input":{"@type":"PropertyValueSpecification","valueRequired":true,"valueName":"search_term_string"}}],"inLanguage":"fr-FR"},{"@type":"Organization","@id":"https:\/\/zadishome.com\/#organization","name":"Zadishome","url":"https:\/\/zadishome.com\/","logo":{"@type":"ImageObject","inLanguage":"fr-FR","@id":"https:\/\/zadishome.com\/#\/schema\/logo\/image\/","url":"https:\/\/zadishome.com\/wp-content\/uploads\/2025\/04\/cropped-logo-zadishome-png.png","contentUrl":"https:\/\/zadishome.com\/wp-content\/uploads\/2025\/04\/cropped-logo-zadishome-png.png","width":512,"height":512,"caption":"Zadishome"},"image":{"@id":"https:\/\/zadishome.com\/#\/schema\/logo\/image\/"},"sameAs":["https:\/\/www.instagram.com\/zadishome_com\/"]}]}},"_links":{"self":[{"href":"https:\/\/zadishome.com\/index.php\/wp-json\/wp\/v2\/product\/1530","targetHints":{"allow":["GET"]}}],"collection":[{"href":"https:\/\/zadishome.com\/index.php\/wp-json\/wp\/v2\/product"}],"about":[{"href":"https:\/\/zadishome.com\/index.php\/wp-json\/wp\/v2\/types\/product"}],"replies":[{"embeddable":true,"href":"https:\/\/zadishome.com\/index.php\/wp-json\/wp\/v2\/comments?post=1530"}],"wp:featuredmedia":[{"embeddable":true,"href":"https:\/\/zadishome.com\/index.php\/wp-json\/wp\/v2\/media\/1584"}],"wp:attachment":[{"href":"https:\/\/zadishome.com\/index.php\/wp-json\/wp\/v2\/media?parent=1530"}],"wp:term":[{"taxonomy":"product_brand","embeddable":true,"href":"https:\/\/zadishome.com\/index.php\/wp-json\/wp\/v2\/product_brand?post=1530"},{"taxonomy":"product_cat","embeddable":true,"href":"https:\/\/zadishome.com\/index.php\/wp-json\/wp\/v2\/product_cat?post=1530"},{"taxonomy":"product_tag","embeddable":true,"href":"https:\/\/zadishome.com\/index.php\/wp-json\/wp\/v2\/product_tag?post=1530"}],"curies":[{"name":"wp","href":"https:\/\/api.w.org\/{rel}","templated":true}]}}