{"id":1405,"date":"2025-08-15T13:47:08","date_gmt":"2025-08-15T11:47:08","guid":{"rendered":"https:\/\/zadishome.com\/?post_type=product&#038;p=1405"},"modified":"2025-08-19T20:21:24","modified_gmt":"2025-08-19T18:21:24","slug":"vase","status":"publish","type":"product","link":"https:\/\/zadishome.com\/index.php\/product\/vase\/","title":{"rendered":"Vase en argile"},"content":{"rendered":"<p data-start=\"192\" data-end=\"579\" style=\"text-align: left\" data-mce-style=\"text-align: left;\">Sculpt\u00e9 avec soin de haut en bas, ce vase noir illustre l\u2019excellence d\u2019un savoir-faire artisanal rare. Chaque pi\u00e8ce est fabriqu\u00e9e en petites s\u00e9ries, avec des variations volontaires de teinte et de texture qui en font un objet v\u00e9ritablement unique : argile plus claire ou plus fonc\u00e9e, points mouchet\u00e9s\u2026 autant de d\u00e9tails qui r\u00e9v\u00e8lent le travail de la main et l\u2019authenticit\u00e9 du mat\u00e9riau.<\/p>\n<p data-start=\"581\" data-end=\"859\">Id\u00e9al pour accueillir un bouquet ou se suffire \u00e0 lui-m\u00eame en \u00e9l\u00e9ment d\u00e9coratif, il s\u2019inscrit dans une esth\u00e9tique intemporelle et raffin\u00e9e.<\/p>\n<p data-start=\"861\" data-end=\"1047\">Chin\u00e9 avec soin, ce mod\u00e8le ne reste disponible qu\u2019en <strong data-start=\"914\" data-end=\"936\">un seul exemplaire<\/strong>.<\/p>\n<p data-start=\"1049\" data-end=\"1092\"><em data-start=\"1049\" data-end=\"1090\">Pi\u00e8ce unique \u2013 1 exemplaire disponible.<\/em><\/p>\n","protected":false},"excerpt":{"rendered":"<p><\/p>\n","protected":false},"featured_media":1023,"comment_status":"open","ping_status":"closed","template":"","meta":{"_acf_changed":false},"product_brand":[],"product_cat":[128,121],"product_tag":[],"class_list":{"0":"post-1405","1":"product","2":"type-product","3":"status-publish","4":"has-post-thumbnail","6":"product_cat-brocante","7":"product_cat-maison","8":"product_shipping_class-colis-moyen","10":"first","11":"instock","12":"taxable","13":"shipping-taxable","14":"purchasable","15":"product-type-simple"},"acf":[],"yoast_head":"<!-- This site is optimized with the Yoast SEO plugin v25.7 - https:\/\/yoast.com\/wordpress\/plugins\/seo\/ -->\n<title>Vase en argile - ZADISHOME<\/title>\n<meta name=\"robots\" content=\"index, follow, max-snippet:-1, max-image-preview:large, max-video-preview:-1\" \/>\n<link rel=\"canonical\" href=\"https:\/\/zadishome.com\/index.php\/product\/vase\/\" \/>\n<meta property=\"og:locale\" content=\"fr_FR\" \/>\n<meta property=\"og:type\" content=\"article\" \/>\n<meta property=\"og:title\" content=\"Vase en argile - ZADISHOME\" \/>\n<meta property=\"og:url\" content=\"https:\/\/zadishome.com\/index.php\/product\/vase\/\" \/>\n<meta property=\"og:site_name\" content=\"ZADISHOME\" \/>\n<meta property=\"article:modified_time\" content=\"2025-08-19T18:21:24+00:00\" \/>\n<meta property=\"og:image\" content=\"https:\/\/zadishome.com\/wp-content\/uploads\/2025\/06\/IMG_1200.jpg\" \/>\n\t<meta property=\"og:image:width\" content=\"720\" \/>\n\t<meta property=\"og:image:height\" content=\"1008\" \/>\n\t<meta property=\"og:image:type\" content=\"image\/jpeg\" \/>\n<meta name=\"twitter:card\" content=\"summary_large_image\" \/>\n<meta name=\"twitter:label1\" content=\"Dur\u00e9e de lecture estim\u00e9e\" \/>\n\t<meta name=\"twitter:data1\" content=\"1 minute\" \/>\n<script type=\"application\/ld+json\" class=\"yoast-schema-graph\">{\"@context\":\"https:\/\/schema.org\",\"@graph\":[{\"@type\":\"WebPage\",\"@id\":\"https:\/\/zadishome.com\/index.php\/product\/vase\/\",\"url\":\"https:\/\/zadishome.com\/index.php\/product\/vase\/\",\"name\":\"Vase en argile - ZADISHOME\",\"isPartOf\":{\"@id\":\"https:\/\/zadishome.com\/#website\"},\"primaryImageOfPage\":{\"@id\":\"https:\/\/zadishome.com\/index.php\/product\/vase\/#primaryimage\"},\"image\":{\"@id\":\"https:\/\/zadishome.com\/index.php\/product\/vase\/#primaryimage\"},\"thumbnailUrl\":\"https:\/\/zadishome.com\/wp-content\/uploads\/2025\/06\/IMG_1200.jpg\",\"datePublished\":\"2025-08-15T11:47:08+00:00\",\"dateModified\":\"2025-08-19T18:21:24+00:00\",\"breadcrumb\":{\"@id\":\"https:\/\/zadishome.com\/index.php\/product\/vase\/#breadcrumb\"},\"inLanguage\":\"fr-FR\",\"potentialAction\":[{\"@type\":\"ReadAction\",\"target\":[\"https:\/\/zadishome.com\/index.php\/product\/vase\/\"]}]},{\"@type\":\"ImageObject\",\"inLanguage\":\"fr-FR\",\"@id\":\"https:\/\/zadishome.com\/index.php\/product\/vase\/#primaryimage\",\"url\":\"https:\/\/zadishome.com\/wp-content\/uploads\/2025\/06\/IMG_1200.jpg\",\"contentUrl\":\"https:\/\/zadishome.com\/wp-content\/uploads\/2025\/06\/IMG_1200.jpg\",\"width\":720,\"height\":1008},{\"@type\":\"BreadcrumbList\",\"@id\":\"https:\/\/zadishome.com\/index.php\/product\/vase\/#breadcrumb\",\"itemListElement\":[{\"@type\":\"ListItem\",\"position\":1,\"name\":\"Accueil\",\"item\":\"https:\/\/zadishome.com\/\"},{\"@type\":\"ListItem\",\"position\":2,\"name\":\"Boutique\",\"item\":\"https:\/\/zadishome.com\/index.php\/boutique\/\"},{\"@type\":\"ListItem\",\"position\":3,\"name\":\"Vase en argile\"}]},{\"@type\":\"WebSite\",\"@id\":\"https:\/\/zadishome.com\/#website\",\"url\":\"https:\/\/zadishome.com\/\",\"name\":\"Zadishome\",\"description\":\"Le temple des artisans\",\"publisher\":{\"@id\":\"https:\/\/zadishome.com\/#organization\"},\"potentialAction\":[{\"@type\":\"SearchAction\",\"target\":{\"@type\":\"EntryPoint\",\"urlTemplate\":\"https:\/\/zadishome.com\/?s={search_term_string}\"},\"query-input\":{\"@type\":\"PropertyValueSpecification\",\"valueRequired\":true,\"valueName\":\"search_term_string\"}}],\"inLanguage\":\"fr-FR\"},{\"@type\":\"Organization\",\"@id\":\"https:\/\/zadishome.com\/#organization\",\"name\":\"Zadishome\",\"url\":\"https:\/\/zadishome.com\/\",\"logo\":{\"@type\":\"ImageObject\",\"inLanguage\":\"fr-FR\",\"@id\":\"https:\/\/zadishome.com\/#\/schema\/logo\/image\/\",\"url\":\"https:\/\/zadishome.com\/wp-content\/uploads\/2025\/04\/cropped-logo-zadishome-png.png\",\"contentUrl\":\"https:\/\/zadishome.com\/wp-content\/uploads\/2025\/04\/cropped-logo-zadishome-png.png\",\"width\":512,\"height\":512,\"caption\":\"Zadishome\"},\"image\":{\"@id\":\"https:\/\/zadishome.com\/#\/schema\/logo\/image\/\"},\"sameAs\":[\"https:\/\/www.instagram.com\/zadishome_com\/\"]}]}<\/script>\n<!-- \/ Yoast SEO plugin. -->","yoast_head_json":{"title":"Vase en argile - ZADISHOME","robots":{"index":"index","follow":"follow","max-snippet":"max-snippet:-1","max-image-preview":"max-image-preview:large","max-video-preview":"max-video-preview:-1"},"canonical":"https:\/\/zadishome.com\/index.php\/product\/vase\/","og_locale":"fr_FR","og_type":"article","og_title":"Vase en argile - ZADISHOME","og_url":"https:\/\/zadishome.com\/index.php\/product\/vase\/","og_site_name":"ZADISHOME","article_modified_time":"2025-08-19T18:21:24+00:00","og_image":[{"width":720,"height":1008,"url":"https:\/\/zadishome.com\/wp-content\/uploads\/2025\/06\/IMG_1200.jpg","type":"image\/jpeg"}],"twitter_card":"summary_large_image","twitter_misc":{"Dur\u00e9e de lecture estim\u00e9e":"1 minute"},"schema":{"@context":"https:\/\/schema.org","@graph":[{"@type":"WebPage","@id":"https:\/\/zadishome.com\/index.php\/product\/vase\/","url":"https:\/\/zadishome.com\/index.php\/product\/vase\/","name":"Vase en argile - ZADISHOME","isPartOf":{"@id":"https:\/\/zadishome.com\/#website"},"primaryImageOfPage":{"@id":"https:\/\/zadishome.com\/index.php\/product\/vase\/#primaryimage"},"image":{"@id":"https:\/\/zadishome.com\/index.php\/product\/vase\/#primaryimage"},"thumbnailUrl":"https:\/\/zadishome.com\/wp-content\/uploads\/2025\/06\/IMG_1200.jpg","datePublished":"2025-08-15T11:47:08+00:00","dateModified":"2025-08-19T18:21:24+00:00","breadcrumb":{"@id":"https:\/\/zadishome.com\/index.php\/product\/vase\/#breadcrumb"},"inLanguage":"fr-FR","potentialAction":[{"@type":"ReadAction","target":["https:\/\/zadishome.com\/index.php\/product\/vase\/"]}]},{"@type":"ImageObject","inLanguage":"fr-FR","@id":"https:\/\/zadishome.com\/index.php\/product\/vase\/#primaryimage","url":"https:\/\/zadishome.com\/wp-content\/uploads\/2025\/06\/IMG_1200.jpg","contentUrl":"https:\/\/zadishome.com\/wp-content\/uploads\/2025\/06\/IMG_1200.jpg","width":720,"height":1008},{"@type":"BreadcrumbList","@id":"https:\/\/zadishome.com\/index.php\/product\/vase\/#breadcrumb","itemListElement":[{"@type":"ListItem","position":1,"name":"Accueil","item":"https:\/\/zadishome.com\/"},{"@type":"ListItem","position":2,"name":"Boutique","item":"https:\/\/zadishome.com\/index.php\/boutique\/"},{"@type":"ListItem","position":3,"name":"Vase en argile"}]},{"@type":"WebSite","@id":"https:\/\/zadishome.com\/#website","url":"https:\/\/zadishome.com\/","name":"Zadishome","description":"Le temple des artisans","publisher":{"@id":"https:\/\/zadishome.com\/#organization"},"potentialAction":[{"@type":"SearchAction","target":{"@type":"EntryPoint","urlTemplate":"https:\/\/zadishome.com\/?s={search_term_string}"},"query-input":{"@type":"PropertyValueSpecification","valueRequired":true,"valueName":"search_term_string"}}],"inLanguage":"fr-FR"},{"@type":"Organization","@id":"https:\/\/zadishome.com\/#organization","name":"Zadishome","url":"https:\/\/zadishome.com\/","logo":{"@type":"ImageObject","inLanguage":"fr-FR","@id":"https:\/\/zadishome.com\/#\/schema\/logo\/image\/","url":"https:\/\/zadishome.com\/wp-content\/uploads\/2025\/04\/cropped-logo-zadishome-png.png","contentUrl":"https:\/\/zadishome.com\/wp-content\/uploads\/2025\/04\/cropped-logo-zadishome-png.png","width":512,"height":512,"caption":"Zadishome"},"image":{"@id":"https:\/\/zadishome.com\/#\/schema\/logo\/image\/"},"sameAs":["https:\/\/www.instagram.com\/zadishome_com\/"]}]}},"_links":{"self":[{"href":"https:\/\/zadishome.com\/index.php\/wp-json\/wp\/v2\/product\/1405","targetHints":{"allow":["GET"]}}],"collection":[{"href":"https:\/\/zadishome.com\/index.php\/wp-json\/wp\/v2\/product"}],"about":[{"href":"https:\/\/zadishome.com\/index.php\/wp-json\/wp\/v2\/types\/product"}],"replies":[{"embeddable":true,"href":"https:\/\/zadishome.com\/index.php\/wp-json\/wp\/v2\/comments?post=1405"}],"wp:featuredmedia":[{"embeddable":true,"href":"https:\/\/zadishome.com\/index.php\/wp-json\/wp\/v2\/media\/1023"}],"wp:attachment":[{"href":"https:\/\/zadishome.com\/index.php\/wp-json\/wp\/v2\/media?parent=1405"}],"wp:term":[{"taxonomy":"product_brand","embeddable":true,"href":"https:\/\/zadishome.com\/index.php\/wp-json\/wp\/v2\/product_brand?post=1405"},{"taxonomy":"product_cat","embeddable":true,"href":"https:\/\/zadishome.com\/index.php\/wp-json\/wp\/v2\/product_cat?post=1405"},{"taxonomy":"product_tag","embeddable":true,"href":"https:\/\/zadishome.com\/index.php\/wp-json\/wp\/v2\/product_tag?post=1405"}],"curies":[{"name":"wp","href":"https:\/\/api.w.org\/{rel}","templated":true}]}}